+ 1 - 3. Is z(v) a prime number?
False
Is (-4 + -11 + -2)*-5 prime?
False
Let q = 3 - 0. Suppose q*n - 322 = 107. Is n prime?
False
Let r = -326 - -703. Is r a prime number?
False
Suppose 0 = 4*v - v - 1296. Let w = v - 279. Let u = w - 84. Is u prime?
False
Let j(t) = -t. Let c be j(-1). Let p = -3 + c. Is (-1 + 3)/(p/(-65)) prime?
False
Let b(q) = 434*q**2 + 3*q + 3. Is b(-2) composite?
False
Suppose -r = 2, 2*r - 9 + 1 = -3*n. Suppose 2 - 10 = -n*f. Suppose -3*i + 4*x = -119, 0 = -0*i - f*i + 4*x + 86. Is i prime?
False
Let d be -1*(-3 - 0)*1. Let i(r) = -r**3 + 3*r - 4. Let s be i(d). Let b = 43 + s. Is b prime?
False
Suppose 294 + 201 = -5*t. Let m = t + 31. Let v = 123 + m. Is v composite?
True
Suppose -1276 = 6*f - 10*f. Is f a composite number?
True
Suppose 3*i - 124 = -5*a + 374, -3*i = -5*a + 522. Let m = a - 66. Suppose -d - 5 = 5*g, -g - m = -5*d + 43. Is d a composite number?
True
Let p(n) = 8*n + 3. Let r be p(6). Let u be (r + -1)*6/4. Suppose 5*a + 4*t = 327, -2*t = -a + 2*t + u. Is a a prime number?
True
Suppose 0*f - 2*f = h + 2, h - 5*f = 12. Suppose -k + 3*b = -4, h*k + 2*b + 7 = 3*k. Is k prime?
True
Suppose -276 = -2*c + 3*q, -c + 7*q = 2*q - 131. Is c composite?
True
Suppose 18654 = -19*k + 25*k. Is k prime?
True
Let n(j) = -8*j + 3. Let v = 4 - -1. Suppose 5*g = l - 25, v*l = -3*g + l + 8. Is n(g) a prime number?
False
Let x(g) = g. Let t be x(12). Is 6/(-2)*(-1052)/t a prime number?
True
Let b(m) be the third derivative of -m**4/24 - m**2. Let x(i) = 37*i + 1. Let u(n) = b(n) + x(n). Is u(4) prime?
False
Suppose 5*o = -4*v + 13, -o - v = -0*v - 2. Suppose 0 = o*z - 2799 - 666. Suppose -128 = 5*c - z. Is c prime?
True
Is (33/(-6))/((-2)/28) prime?
False
Let h = -3 - -5. Suppose 49 = -h*j - 51. Let d = j + 191. Is d prime?
False
Let k(w) = 5 - 10 + 4*w**2 + 4 + 6. Suppose -n + 2 = 0, h + 5*n - 7 = -1. Is k(h) prime?
False
Suppose 4*z = -2*k - 16, 20 = -k - 3*k + 4*z. Let m(w) = 2*w**3 + 8*w**2 - 4*w - 7. Let t be m(k). Let l = -88 - t. Is l composite?
True
Let w(l) = 43*l**2 + 3*l - 7. Is w(3) a composite number?
False
Let q = 5 + -5. Suppose -5*s + 346 + 489 = q. Is s prime?
True
Suppose -9 + 1 = -2*u. Suppose -u*d - 17 + 117 = 0. Suppose 2*q + r - 43 - 28 = 0, 5*r = d. Is q prime?
False
Suppose -3*q = 4*a - 5*a - 2635, 4*q - 5*a = 3528. Is q composite?
False
Let u(v) = 2*v**3 + 4*v**2 + 2*v - 2. Let d be u(-2). Let o(s) = -2*s**3 - 8*s**2 + 2*s - 1. Is o(d) prime?
True
Let g(z) = 9 + 0 - 13*z - z**2 + 3*z + 4. Is g(-10) prime?
True
Suppose 0 = 2*k, -3*t = -3*k - k + 6. Is 24 + t + (1 - 1) prime?
False
Suppose 0*c + 2*c = -38. Let o = c + 40. Suppose -o = 3*y - 6*y. Is y a prime number?
True
Let v(s) = -s**3 + 10*s**2 + s + 14. Let b be v(11). Let q = -127 + 302. Let t = q + b. Is t composite?
False
Is 3/(4 + (-375)/95) composite?
True
Suppose -1 - 4 = -m. Suppose -300 - 139 = -o - m*s, -5*s = 3*o - 1277. Is o composite?
False
Suppose 0 = -q + 134 + 60. Is q a prime number?
False
Let q = 690 - -1151. Is q a composite number?
True
Suppose 0 = 2*n - 3*n - f, -n = -5*f - 12. Suppose -n*r - r + 669 = 0. Is r composite?
False
Is (-1)/(-3)*1*78 prime?
False
Let o(y) = y**2 - 7*y + 8. Let s be o(6). Suppose -124 = -0*r - 3*r - s*j, -81 = -2*r - 3*j. Let q = r - 21. Is q composite?
True
Let b = -401 + 666. Is b composite?
True
Let z(u) be the first derivative of -u**2/2 + 2*u - 1. Let k be z(8). Let q = k - -27. Is q composite?
True
Suppose -3*y + 1202 = -5*f, -y - 3*y - f = -1641. Is y prime?
True
Let u = 259 - 164. Is u a prime number?
False
Let n(p) = 2*p - 10. Let s be n(7). Suppose s*i + 2 + 2 = 0. Let c = i - -12. Is c prime?
True
Let g = -2341 + 4974. Is g a composite number?
False
Let m(x) = 2 + 9*x + 0 + 2*x. Let i be m(3). Let d = -21 + i. Is d composite?
True
Let w(g) = g**2 + 4*g. Let t be w(-3). Is -1*(168/t + -3) composite?
False
Let q = 8 + -4. Let w = q + -2. Is -3 + w + 1*68 a prime number?
True
Suppose 4*o - 2*g - g + 9 = 0, 5*o = 5*g - 5. Let t(p) = p**3 + 8*p**2 - p - 1. Is t(o) a prime number?
False
Let c = -497 + 696. Is c prime?
True
Let z(t) = 3*t**3 + 5*t**2 - 5*t - 5. Let r be z(-5). Let l = r - -359. Is l a prime number?
False
Is 405 - (-4)/(-4)*-2 prime?
False
Let i = -14 - -17. Suppose -i*b - 2*b + 1475 = 0. Is b prime?
False
Let s(o) = 10*o**2 - 3*o - 7. Is s(6) a composite number?
True
Let s be 526/(-12) - 3/18. Let l = -45 - -23. Let y = l - s. Is y prime?
False
Suppose 4*a + 0*a - 16 = 0, -436 = -4*u - 3*a. Is u prime?
False
Let n = -6 - -61. Is n a composite number?
True
Let p(g) be the second derivative of g**3/6 + 5*g**2/2 - 2*g. Let j be p(0). Suppose 0 = j*h + 3 - 18. Is h prime?
True
Suppose -2*j + 7 = -5. Suppose j*f - 170 = f. Is f a composite number?
True
Let b(d) = 2*d + 7. Let l be b(9). Suppose -z + 2*z - l = 0. Is z a prime number?
False
Suppose x - 4*x = 21. Is (0/(-3) - 13)*x a composite number?
True
Let o(v) = 55*v - 5. Let d be o(5). Suppose -5*g = 5, 2*n - d = -2*g + 26. Is n composite?
False
Suppose 1934 = 4*p + 18. Is p composite?
False
Let s(b) = -b**2 - 10*b - 2. Suppose 5*p - 33 = -0*y + y, 2*p = y + 15. Let r = -1 - p. Is s(r) a prime number?
True
Suppose -6*h = -h. Suppose 3*f + 2*j - 16 = h, -7 = -5*f + j + 11. Is 156/8 + (-2)/f composite?
False
Let q(i) = i**3 + 2*i**2 - 4*i - 1. Let x be q(-3). Suppose -x*d + 5 = -d. Suppose -d*k - 45 = -4*p + 31, p - 2*k - 22 = 0. Is p prime?
False
Let g = 10 + 9. Let b = g + -4. Is b prime?
False
Suppose 5*o - 4*c = 19, 0*o - 5*o + 20 = -5*c. Let w = -44 - -89. Suppose -w = -o*h - 0. Is h a prime number?
False
Let z be -10*(-4)/16*2. Suppose 2*q - 7 = 5*x + 6, 4*q - 41 = z*x. Is q a prime number?
False
Suppose -4*t - 5*v = t - 35, -2*t + 8 = -4*v. Suppose 0 = 2*h + t*n - 4*n - 320, -5*h + 799 = 4*n. Let b = -32 + h. Is b a composite number?
False
Let a(t) = 18*t + 4. Let d = -1 + 4. Is a(d) prime?
False
Suppose 0 = 3*a - 615 - 948. Is a a prime number?
True
Let d = 0 + 4. Let h(g) = 8*g**2 - 1. Is h(d) prime?
True
Suppose 0 = 2*s - s - 2*w + 5, -5*s + 3*w = -10. Suppose 0 = s*l - 4*o - 21, 2*o + 6 = 2*l + o. Is ((-14)/8)/(l/(-4)) a composite number?
False
Suppose 0 = 2*z + 4*t - 390, 2*z + z = t + 606. Is z composite?
True
Let a = 81 + -22. Suppose -5*n = 2*d - 482, -2*d - 106 = -4*n + 3*n. Let o = a + n. Is o a prime number?
True
Let s(n) = n + 1. Let w(r) = -31*r + 16. Let l(v) = 3*s(v) + w(v). Is l(-12) prime?
False
Is (-6)/48 + 149883/24 a prime number?
False
Let t = -8 - -12. Suppose -5*o = 5*i - 40, t*o + 2*i - 22 = o. Let u = 9 - o. Is u a prime number?
True
Let z = -43 + 90. Is z a prime number?
True
Let b(p) = -27*p + 9. Let d(s) = -13*s + 4. Let t(f) = 2*b(f) - 5*d(f). Is t(11) composite?
True
Let m = -7785 + 10948. Is m prime?
True
Let p(j) = j**2 + 7*j - 1. Let o(s) = -15*s**2 + 2*s. Let f be o(1). Is p(f) composite?
True
Let j(z) = -z**3 + 6*z**2 + 2*z - 4. Let t be j(6). Is (474/(-24))/((-2)/t) composite?
False
Let y(i) = 76*i**2 - i. Let f be y(-2). Suppose -4*a - 3*h + f = -11, 0 = 4*a + h - 311. Suppose -218 = -5*d + a. Is d a prime number?
True
Let x(z) = z - 2. Let k be x(4). Let r(m) = k*m + 1 - 6*m**2 - 3 - 2*m**3 - 3*m + 3. Is r(-6) a prime number?
True
Let r(m) = -6*m**2 - 3*m - 7. Let f be r(-6). Let l = -140 - f. Is l a prime number?
False
Suppose -m - 3*m + 16 = 0. Suppose m*i - 32 - 308 = 0. Is i prime?
False
Let o = 7 + -1. Suppose 0*t - 2*t + o = 0. Suppose -t*y = 3, 3*c = -0*y + 3*y + 240. Is c composite?
False
Suppose -2*y + 209 = 4*p - 633, -4*p = -4*y + 1672. Is y a prime number?
True
Suppose h = -5*k - 216, 6*k - 2*k = 4*h + 912. Let f = h - -339. Is f prime?
True
Suppose 114 + 120 = w. Let i = w + -167. Is i prime?
True
Suppose -2*x + 5*x = -42. Is x/28 + 1230/4 a prime number?
True
Suppose -u - 3*h + h - 102 = 0, 5*u + 490 = -5*h. Let j = -9 - -6. Let m = j - u. Is m composite?
True
Suppose -3*b + 29 = -10. Suppose -2*q - 2*p - 22 = 0, -b = 4*q + p + 16. Is q/(-9) - (-74)/6 a composite number?
False
Suppose k + 0*i = -i + 128, -3*k - 2*i + 387 = 0. Is k a prime number?
True
Let p = -70 + -65. Let r = 222 + p. Is r composite?
True
Let b(u) = u - 3. Let q be b(7). Suppose 2*t + 0*t = -q*j + 758, -5*t = -4*j + 779. Is j composite?
False
Suppose 166 + 78 = 2*q. Suppose 173 = i + 4*t, -q - 30 = -i